of n*(-1)/2*-6?
6
Suppose -96 = -2*g + 2*d, 2*g - 180 = -2*g + d. What is the tens digit of g?
4
Let c(f) = f**3 + 2*f**2 - 3*f + 6. Let v be c(-6). Let q be ((-1)/2)/((-5)/v). What is the units digit of (-114)/q + 3/(-2)?
8
Suppose 5*c + 0*c - 240 = 0. Let g = -23 + c. What is the tens digit of g?
2
Let o(a) = a**3 + 4*a**2 - 6*a - 3. Let d be o(-5). Suppose 0 = d*c, 64 = 7*s - 3*s - 3*c. What is the tens digit of s?
1
Let h(r) = 8*r - 3. Let q(b) = 9*b - 4. Let k(a) = 4*h(a) - 3*q(a). Let v be k(1). Suppose -v = -2*m + 9. What is the units digit of m?
7
Suppose -6*m + 3*t = -2*m - 189, 3*t = -9. Let s = -128 + 193. Let d = s - m. What is the units digit of d?
0
Suppose -2*y + 47 + 3 = 0. Suppose -4*i = 9 - y. What is the units digit of i/(-18) + 65/9?
7
Let x = -12 + 31. Let y = x - 1. What is the tens digit of y?
1
What is the units digit of (375/7 - (-20)/(-35))/1?
3
Let b be 3 - (-2 + (-71)/1). Suppose 4*y - b = -0*y. What is the units digit of y?
9
Suppose 2*h = -1 + 7. Let o = 5 - h. What is the units digit of o?
2
Let a = -7 - -32. Suppose b + 4*d - a = 0, -34 - 26 = -4*b + 4*d. What is the units digit of b?
7
What is the units digit of -4 + (-4 + 42)*2?
2
Let v = 16 - 19. Let j(b) = 6*b**2 + 2 + b**3 + 0*b + b - b**2. What is the units digit of j(v)?
7
Let r(s) = s**2 - s + 39. What is the units digit of r(0)?
9
Let o be 3*(-2 - (-3 + -1)). Suppose -s + 2 = o. What is the units digit of (s - 1)*(-14)/10?
7
What is the tens digit of 492/8 + (-1)/2?
6
Let j be -8*1 + (4 - 3). Suppose -4*a - 3*y - y + 4 = 0, 4*a - 5*y + 41 = 0. Let v = a - j. What is the units digit of v?
3
Let n(v) = -2*v - 13. Let h be n(-9). Suppose -15 = -3*z - 2*u, z + 3*u = -z + 15. Suppose -2 = -h*w + z. What is the units digit of w?
1
Suppose 18*u - 20*u = -52. What is the tens digit of u?
2
Let m(v) = v**2 + 6*v + 9. What is the hundreds digit of m(8)?
1
Suppose -4*h + 8 = -2*h, u - 2*h = 8. What is the tens digit of u?
1
Let d = -2 + 7. Suppose -d*o + 328 = 48. Suppose 4*w - v - o = v, 3*w = -2*v + 35. What is the units digit of w?
3
Suppose -2*x = 4*i - 80 - 36, -3*i - 5*x + 73 = 0. Suppose 4*f - i - 13 = 0. What is the tens digit of f?
1
Suppose 0 = 2*b - 4*c - 24, b + 2*b + 3*c - 81 = 0. Suppose 2*l = -0*k - k + b, 4*k - 28 = 4*l. What is the tens digit of k?
1
Let k(j) = -58*j - 2. What is the tens digit of k(-1)?
5
Let i be 4/(-2) + (1 - -4). Suppose r - 19 = i*j - 66, -r + 43 = 3*j. Let y = -8 + j. What is the units digit of y?
7
Let p = 272 + -152. What is the units digit of p?
0
Let g = 1 - -4. Let u be 2/(-4)*2/(-1). Let q = g - u. What is the units digit of q?
4
Let r(s) = 9*s**2 - 9*s + 27. What is the tens digit of r(4)?
3
Suppose 0 = g - 3*f + 24, -18 = 3*g - 3*f + 24. Let q = -29 + 50. Let h = g + q. What is the units digit of h?
2
Suppose l + l + 22 = 0. Let i = l - -11. Suppose -83 = -4*g - i*w + w, 5*g - 94 = -2*w. What is the units digit of g?
0
Suppose 0 = -4*b + s + 170, -5*s + 200 = 3*b + 2*b. What is the tens digit of b?
4
Let f(v) = -v**3 + 2*v + 3. What is the units digit of f(-2)?
7
Let i = -8 - -14. Suppose 0 = i*m - m - 15. Suppose 20 = -5*v, 17 = 2*h + v - m. What is the tens digit of h?
1
Suppose 2*i - 145 - 305 = -5*a, -2*a = -i - 180. What is the units digit of a?
0
What is the tens digit of ((-4)/(-6))/(1 - (-3822)/(-3834))?
1
Let d(g) = 0*g**2 - 5 + 5*g - 2*g**2 + g**2. What is the units digit of d(2)?
1
Let j = 1 + 1. Suppose -4 = j*f + x - 4*x, -3*x + 6 = 0. What is the units digit of f?
1
Let h(d) = -d**2 - 3*d - 3. Let o be h(-2). Let q be 2 + o*(-1 - -2). What is the units digit of -1 - -7 - (0 + q)?
5
Let f(k) = -2*k + 31. What is the tens digit of f(0)?
3
Let c(k) = k**3 - 7*k**2 - 8*k - 1. Let r = -11 - -19. Let y be c(r). What is the units digit of (y + -2 + 5)/2?
1
What is the tens digit of (12/(-10) - 0)/((-2)/95)?
5
Let n be (-11)/(-44) + 30/8. Let g be n/5 + (-6)/(-30). Let y(v) = 22*v**3 - v**2. What is the units digit of y(g)?
1
Suppose 5*n - 7 + 1 = -3*r, 0 = 3*n + 4*r + 3. Suppose -n*z = -4*z + 3. What is the units digit of z?
3
Let s be (-5 - -4)*-2*1. Suppose -4*z = x + 6, -2*x - s*x = 2*z - 4. What is the units digit of 12/(-1 - z)*1?
2
Let j(o) be the third derivative of 0 - o**2 + 0*o + 1/24*o**4 - 2/3*o**3. What is the units digit of j(7)?
3
Let z(d) = d + 3. Let y be z(-3). Let r(m) = -m**3 + 12*m**2 - 10*m - 5. Let h be r(11). Let q = y + h. What is the units digit of q?
6
Let j = 419 - 299. What is the hundreds digit of j?
1
Suppose 5*b = 19 + 1. Suppose 3*k + b = -20. What is the units digit of k*(1 - -1)/(-2)?
8
Let j(t) = -2*t**3 + 1 + 1 + t**3 - 3*t + 2 + 5*t**2. Let a(d) = -d**3 - 4*d**2 - 2*d - 4. Let c be a(-4). What is the units digit of j(c)?
8
Suppose -4 = 2*s + 2*c, -5*c = 2*s + 1 - 3. What is the units digit of 1/s + 840/32?
6
Let f(d) = -d + 3. What is the units digit of f(-4)?
7
Let t(m) = 4*m**2 + m + 7. What is the units digit of t(-3)?
0
Let r = 31 + -15. Let c = r + -8. Suppose -4*h - j = -c*h + 29, 39 = 4*h - 3*j. What is the units digit of h?
6
Suppose -4*x + 0 = -8. What is the units digit of x?
2
Let w be (6/(-9))/((-2)/(-6)). Let c = 7 + w. Suppose -c*u = -0*u - 5. What is the units digit of u?
1
Let x = 110 - 0. What is the hundreds digit of x?
1
Suppose -2*b + 2*k + 17 = b, 0 = 2*b + 5*k - 24. What is the units digit of b?
7
What is the tens digit of (-4)/(16/3)*-348?
6
Let h(r) = -r**3 + 10*r**2 + 4*r + 6. What is the tens digit of h(10)?
4
Let y = 113 + 51. What is the units digit of y?
4
What is the tens digit of ((-32)/6)/(22/(-429))?
0
Let t(p) = p**3 + 9. Let i be t(0). Suppose -4*x + 0*k = k + 7, k + 2 = x. Let a = i + x. What is the units digit of a?
8
Let u = -81 - -203. What is the units digit of u?
2
Suppose 4*a - 72 = -o, 3*a = -4*o + 230 + 32. What is the units digit of o?
4
Suppose -10*k + 7*k = -981. What is the hundreds digit of k?
3
Let d(f) = 2*f**3 - 10*f**2 - 8*f - 14. What is the tens digit of d(8)?
0
Suppose -10 = 4*i + 6. What is the units digit of (4/(-6))/(i/6)?
1
Let z(s) = s**2 + 42. What is the units digit of z(0)?
2
Suppose 3*w + 78 = 24. Let c = w - -13. Let q = c - -14. What is the units digit of q?
9
Suppose 0*d - 4*d + 100 = 0. What is the units digit of d?
5
Suppose 2*k = -2*w + 7*w + 294, -8 = -4*w. What is the hundreds digit of k?
1
Let n be 238/6 - 1/(-3). Let z = n + -18. What is the units digit of z?
2
Suppose 5*u = x + 284, 5*x - 30 = 3*u - 218. What is the tens digit of u?
5
Let m(s) = 91*s. Let f(u) = -10*u. Let k(r) = 28*f(r) + 3*m(r). Let i be k(-3). Suppose 0 = 2*a - 5*a + i. What is the units digit of a?
7
Let c(a) = -a**3 + 3*a**2 - 2*a + 3. Let y be c(2). Suppose -92 = -5*j + g + 2*g, y*j - 56 = 2*g. What is the units digit of j?
6
What is the units digit of (186/21)/((-7)/(-49))?
2
Suppose -2*a = -3*j - 23, 4*j = -0*j - 2*a - 26. Let v = 23 + j. What is the tens digit of v?
1
Let n be 4/(-2) + (-5 - -40). Suppose 0*x + 5*f = 4*x - n, -4*x + 39 = -3*f. What is the tens digit of x?
1
Let c be (-8)/(-12) + (-1)/(-3). Let l = 8 - c. What is the tens digit of 2/l + 272/28?
1
Let n = 9 - 7. Suppose -5*m - 12 = -2*z, -4*m = n*z - 16 - 32. What is the units digit of z?
6
Let p(l) = -3*l**3 - 2*l**2 - l. Let b be p(-2). Let c be (6/b)/((-1)/(-9)). Suppose -w - c*w = -44. What is the units digit of w?
1
Let c be 1*(-2)/(-5)*5. Suppose 0 = 6*d - d + 5. Let l = d + c. What is the units digit of l?
1
Suppose -4*t + 5*c + 69 = -t, -2*t = -5*c - 41. Let j = -8 + t. What is the units digit of j?
0
Let k(m) = -6*m + 2. Let y(t) = t + 2. Let v be y(0). Let g be k(v). What is the units digit of (1/(-5))/(2/g)?
1
Let d(h) = h**3 + 5*h**2 - 8*h - 7. Let c be (27/3)/(6/(-4)). What is the units digit of d(c)?
5
Let q = -27 - -53. What is the tens digit of q?
2
Let g = 44 - 20. What is the tens digit of g?
2
Let o(w) = 8*w**3 + 2*w**2 - w. Let n be o(1). Suppose 0 = -u - q + n, 10 - 2 = u + 2*q. What is the tens digit of u?
1
Let t(s) = s. Let n be t(4). Suppose 3*u - 3*d = 63, d = -0*u + n*u - 99. What is the tens digit of u?
2
Let n(k) be the second derivative of k**4/6 + k**3/3 - k**2/2 + 5*k. Let m = -2 + 0. What is the units digit of n(m)?
3
Suppose -5*t + 19 = 3*p, 4*p - 4 = 3*t + t. What is the units digit of p/(0 + (-6)/(-4))?
2
Suppose 4*f 